late w(7).
0
Let o(m) = -m**2 - 1 - 5*m**3 + 2 + 4*m - 3*m. Let a = -20 + 15. Let l = a + 4. What is o(l)?
4
Let t be (-8 - -4) + 1*-1. Let o(v) = -6*v + 5. Let f(r) = 5*r - 4. Let u(s) = 5*f(s) + 4*o(s). What is u(t)?
-5
Let l = -12 + 12. Let g(t) = t**2 - t + 10. Determine g(l).
10
Let k(o) = -o**2 + o + 3. Let y be 18/(-5)*70/(-21). Let f = -7 + y. Suppose 5*s - 10 = -0*s + f*d, 11 = 5*s - 4*d. What is k(s)?
-3
Let m(p) = -p**2 + 6*p. Let d = -3 + 3. Suppose -4*b + 6 = -g - g, -5*b + g = d. Let q = 2 - b. Calculate m(q).
9
Suppose 3*s + 0*s = 0. Let m(v) = 2*v**2 - 7*v + 5. Let z be m(4). Let p(u) = -8*u + z*u - 7 + 0*u + 0*u**2 - u**2. Determine p(s).
-7
Let y(m) be the first derivative of -m**3 + 1/4*m**4 + 1 - 3*m**2 + 2*m. Suppose u + u - 2 = 2*k, -35 = -5*u - 5*k. Give y(u).
-6
Let w(i) = i**3 + 7*i**2 + 7*i + 8. Let l = -35 - -25. Let g = l + 4. Give w(g).
2
Let o(t) = t**3 + 5*t**2 - t - 20. Let c(b) = 2*b**3 + 9*b**2 - 2*b - 39. Let m(j) = 6*c(j) - 11*o(j). What is m(0)?
-14
Suppose -2*i - 22 = 3*q, -27 = 3*i + 4*q - q. Let p(t) = 14*t + 7. Let l(k) = 7*k + 4. Let o(u) = i*l(u) + 3*p(u). Give o(-1).
-6
Let x(n) = 3*n**3 - 10*n**2 - 3*n + 9. Let a(h) = 4*h**3 - 11*h**2 - 4*h + 9. Let t(f) = -2*a(f) + 3*x(f). Give t(8).
1
Let s(y) = -y - 5. Let v be s(-6). Let t(r) = -r**3 - r**2 + 2*r + 2. Let n be t(-2). Let i(k) = -n - 11*k**2 + 4 - 2 - k. What is i(v)?
-12
Let i(n) = n**2 - 6 + 5 - 2*n + 3*n + 2. Suppose 0 = -3*k + 4 + 2. Let m(r) = -r**2 - r + 3. Let x(q) = k*i(q) + m(q). Calculate x(0).
5
Let s be 0 - (-3)/((-9)/(-669)). Let h(m) = 222 - m - s - m. Let p(q) = q + 1. Let j be p(-4). Determine h(j).
5
Suppose -2*n + 12 = n. Suppose 0 = -n*d - 0*d + 8. Suppose 3*v = 5*l + 9, -12 = -d*l - 2*v - 2*v. Let h(u) = -u**3 - u**2 + 5. Calculate h(l).
5
Let x(j) = 2*j**2 - 3*j + 3. Let v(w) = w**3 + 15*w**2 + w + 17. Let z be v(-15). Give x(z).
5
Let l(s) = s**2 - 11. Suppose 0 = 2*o - o. Calculate l(o).
-11
Let s(w) = -w**2 - 6*w - 3. Let k(v) = v**2 + 5*v + 2. Let t(j) = -4*k(j) - 3*s(j). Determine t(-3).
-2
Let x(b) be the second derivative of 7*b**4/24 + b**3/6 - b**2 - b. Let p(y) be the first derivative of x(y). Calculate p(1).
8
Let r(t) = -t**3 - 5*t**2 + 6*t - 1. Let o be 2/(-2)*2*-1. Suppose 0 = -o*p - 6 - 6. What is r(p)?
-1
Let d(z) = -2*z + 3. Let h(y) = y**2 + 2*y - 4. Let s be h(-4). Give d(s).
-5
Let b be (-7)/2*(-12 + 14). Let o(l) = l - 2. Calculate o(b).
-9
Let n(x) = -7*x**2 + 4*x - 179 + x**3 - x + 180. Determine n(6).
-17
Let h(c) = c**3 - 2*c + 3. Suppose 2 = 5*y - 8. Determine h(y).
7
Let r be (4/(-5))/(16/(-40)). Let p(b) = -3*b**3 - r - 6*b**3 + 8*b**3. Determine p(-2).
6
Let j(v) = 2*v - 1. Suppose 0 = 7*f - 2 + 9. Calculate j(f).
-3
Suppose 10*l - 10 = 15*l. Let k(c) = c**2 + c + 1. Let r(h) = -3*h**2. Let q(b) = 2*k(b) + r(b). Determine q(l).
-6
Let m(z) be the first derivative of -2*z**2 - 1/3*z**3 - 2*z + 2. What is m(-4)?
-2
Let o be (-1 - -2) + -1*4. Let a(k) = -k**2 + k + 1. Let h(t) = 2*t**2 - 7*t - 1. Let f(x) = -4*a(x) - h(x). Determine f(o).
6
Let o be (-6)/(-21) + 26/7. Suppose 0 = -4*v + 4*y + 4, 1 = -v - y + o. Let j(b) = -2*b - v*b - 1 + b**3 + 2*b - 3*b**2 + b. Calculate j(3).
-4
Let h(j) = -5*j. Let y = 5 + -25. Let v = y - -19. Give h(v).
5
Let m(d) = -d**3 - 5*d**2 - 3. Suppose -l + 0*l = -3, -2*o + l = -1. Let k(z) = 3 + 2 + 4 + o*z. Let a be k(-7). Give m(a).
-3
Suppose 0 = -j + 2*j + 4. Let s(h) = -h**2 - 6*h. Calculate s(j).
8
Let x(u) = u**3 + 5*u**2 - u - 5. Let p(a) = a. Let s be p(-2). Let y be (4 + 0)/((-2)/s). Let c(t) = -t**2 + 3*t - 1. Let n be c(y). Give x(n).
0
Suppose -r + 0*r = 2*x - 8, 0 = r. Let g(c) = -c + x - 5*c**2 + 0 + 0*c + 4*c**2. Give g(0).
4
Let i be (-3 - -5)*(-2)/2. Let q(f) = -f**3 - 2*f**2 - f. Calculate q(i).
2
Let o(l) = -l**2 + l - 1. Let q(d) = -d**2 + 4*d. Let x be q(3). Let v(k) = -2*k + 3. Let s be v(x). Give o(s).
-13
Let s(b) be the second derivative of -b**8/6720 + b**7/2520 + b**6/720 - b**5/60 - 5*b**4/12 + 6*b. Let l(k) be the third derivative of s(k). What is l(0)?
-2
Let p(q) be the second derivative of q**3/6 - 3*q**2/2 - 6*q. Let a = -1 - -6. Determine p(a).
2
Let i(m) = -7 + 0*m + 1 + 1 + m. Calculate i(6).
1
Let i(b) = 3*b - 7. Let z(f) = -f + 2. Let t(r) = -4*i(r) - 11*z(r). Give t(10).
-4
Suppose -3*z - 5*r + 35 = 0, 2*z = 6*z - 4*r - 100. Suppose 0 = -6*o + 2*o + 5*u - 28, 5*u = z. Let p(j) = j**3 + 2*j**2 - 2*j - 1. Determine p(o).
3
Let q(t) = -6 + 3 - t - 2*t**2 + 3 - 7*t**3. Determine q(-1).
6
Let s(o) = -o**2 - 3 - 2 + 4*o + 6. What is s(4)?
1
Let x be 0 + ((-6)/1)/(-2). Let c(o) = -5*o**2 + 4*o - 2*o**2 - x*o + 4*o**2. What is c(1)?
-2
Let r(b) be the first derivative of -2*b - 3 + 7/2*b**2 - 1/3*b**3. Suppose -5*p = 3*h, 2*h - 3*h + 4*p + 17 = 0. Give r(h).
8
Let d(i) be the first derivative of -1/4*i**4 + 3 + 1/3*i**3 - i + 1/2*i**2. Determine d(2).
-3
Let p(v) = -6*v. Let n(x) = 6*x + 1. Let c(w) = 4*n(w) + 3*p(w). Calculate c(-4).
-20
Let i(p) = p**3 + 7*p**2 + 7*p - 7. Let j(z) = 2*z**3 + 14*z**2 + 15*z - 14. Let k(t) = 5*i(t) - 2*j(t). Determine k(-6).
-1
Let b(y) be the third derivative of 0*y + 1/8*y**4 - 2*y**2 + 1/60*y**5 + 0 + 1/3*y**3. Let z be -2 - 2/(2 + -1). Determine b(z).
6
Let h = 4 + 1. Let d(n) = 6*n**2 - 5*n - n**3 - 2*n + n + 7. What is d(h)?
2
Let c = 40 - 15. Let v(h) = -5*h - h**2 - c + 8 + 14. Determine v(-4).
1
Let w(o) be the second derivative of -o**3/6 - 2*o - 54. Let u be (-2 + -2)*(-2)/(-4). Determine w(u).
2
Let f(h) be the third derivative of -5*h**4/24 + h**3/2 - 35*h**2. Give f(4).
-17
Let y be -4*(1/(-2))/1. Suppose 23 = 2*f + 4*r + 1, -5*f + 2*r - 5 = 0. Let i(q) = 0*q - 5*q - f + 6*q. Give i(y).
1
Let i(j) = 4*j**2 - 1. Let p be (1/(-3))/((-3)/18). Let u = 12 - 9. Suppose -c - 4 = 5*a + 2*c, p*a - u*c - 11 = 0. Give i(a).
3
Suppose -3*d = -0 - 9. Let k(i) = 3*i + 2*i**3 + 0*i**d + i**2 - 1 - 1 - 3*i**3. Determine k(2).
0
Suppose 5*v + n = 39, -5*n + 41 - 6 = 5*v. Let c(l) = -2*l + 10. Calculate c(v).
-6
Let c(l) = 4*l - 1 - 3 - 5*l. Let f = 0 + 1. Let h be f + 1 - (3 + -4). Determine c(h).
-7
Let j(a) = 5*a**3 - a**2 + 6*a - 2. Let n be 14/(-3) + (-8)/(-12). Let s(h) = 6*h**3 - 2*h**2 + 7*h - 2. Let v(o) = n*s(o) + 5*j(o). Determine v(-2).
-2
Let r(c) = c**3 - 3 - 11*c**2 + 8*c + 1 + 3*c**2. Calculate r(7).
5
Let x(f) = -2*f**3 + 3*f**2 + 4*f + 7. Let v(z) = -4*z**2 - 4 - 5*z - 2 + z**3 + 2*z - 1. Let c(l) = -3*v(l) - 2*x(l). What is c(-6)?
1
Suppose -1 = 5*s - 16, x - 2*s = -1. Let p(f) be the third derivative of 2/3*f**3 + 0 - 1/60*f**5 + 1/8*f**4 - 5*f**2 + 0*f. What is p(x)?
-6
Suppose -d + 3*p = -3 + 1, 26 = 2*d + 5*p. Let u be 2/d*5*4. Let b(q) = -q**3 + 6*q**2 - 5*q + 3. What is b(u)?
3
Suppose 4*f - 36 = -2*p, -3*f - p + 9 = -17. Suppose -4*n + f = 5*v - 6*v, -2*v - 9 = -n. Let w(i) = -7*i**2 - 2*i + 1. Give w(n).
-8
Let h(n) be the third derivative of -n**5/30 + n**4/6 + n**3/6 + n**2. Let y = 34 + -31. Calculate h(y).
-5
Let j(h) = -5*h**2 - 2 + 3 - 2. Determine j(1).
-6
Suppose -6*n + 7*n - 1 = 0. Let i(g) = -3*g + 1. Determine i(n).
-2
Suppose 4*r = 29 - 13. Let k(u) = -2*u - 1. What is k(r)?
-9
Let q(y) = -3*y - 7 + 1 + 5 + 2*y. Calculate q(-5).
4
Let g(w) = w**2 + 3*w - 3. Let y = 25 - 28. Determine g(y).
-3
Suppose g = -2*g + 12. Let t(d) = -3*d - 2. Calculate t(g).
-14
Let r(p) = -p**2 + 7*p - 3. Let o be r(6). Let a(f) = -3*f**3 + 2*f**2 - 5*f + o + 5*f + f + 2*f**3. What is a(3)?
-3
Let h(o) be the second derivative of -o**5/20 - 7*o**4/12 - o**3 + o**2/2 + o. Suppose 15*d - 22 = 19*d - u, 5*u + 10 = 0. Determine h(d).
1
Let w(l) = 7*l + 1 - l + 0*l - 2*l. Suppose 4*y = -3*j - 17, -2*j + 4*j + 3 = -y. Calculate w(j).
5
Let t(k) = k**3 - 7. Let i(y) = y**3 - 7*y**2 + 2*y - 14. Let d be i(7). Determine t(d).
-7
Let b = -74 + 78. Let d(o) = -o**2 + 5*o + 2. What is d(b)?
6
Let j be (-48)/(-42) - (-2)/(-14) - 3. Let h(u) = -u**3 - 2*u**2 - u - 2. Calculate h(j).
0
Suppose -41 + 13 = -4*r. Suppose -r*u - 10 = -5*u. Let h(m) = 2*m + 6. Calculate h(u).
-4
Let n(d) = d**3 - 3*d**2 - 4*d - 4. Let l be 0 - -1 - (-210)/10. Suppose -4*j = 6 - l. Determine n(j).
-4
Let m = 5 - 10. Let k(d) = d**3 + 6*d**2 + 7*d + 7. What is k(m)?
-3
Let t be (0 + -1 - -7)/1. Let b(k) = -k**2 + 5*k. Determi